 -168 + (2 - -4) + 34 + 14.
-114
-66 - -4 - (121 + -95 + -36)
-52
Evaluate 17 + -15 - (27 - 35) - -34.
44
What is -1 + 33 + -65 + -8 - 12?
-53
(-41 - -9) + (1594 - 1567)
-5
What is (-16 - -52) + (-3 - -9) + 69?
111
What is -183 + 196 + (0 - 4) + 4 + (1 - -9)?
23
Calculate (12 - -5) + -31 - (5 - -5) - -10.
-14
-13 + -1 - -2 - (679 - 330 - 315)
-46
What is (-76 - -26 - -50) + 79?
79
Evaluate -113 + (6 - -108) + (-11 - (-2 + 1)).
-9
What is the value of (-53 - 29) + 36 + -16?
-62
What is -97 + -5 + 12 + -7 + 1 + -11?
-107
What is (5 - -16) + (-7 + -20 - (-19 - -1))?
12
What is (-1 - 39) + -303 + 302 + 4?
-37
What is the value of -30 + 68 + (24 - 53) + -60?
-51
Evaluate (1 - 74) + 18053 + -17902.
78
Evaluate 2 + (-32 - (-1 - -1 - (-99 - -99))).
-30
-8 - (4 + (-13 - (0 + -2))) - 87
-88
What is (-46 - -28) + 79 + -48?
13
What is the value of -74 + -110 + 136 + 3 + -31?
-76
What is the value of (-4 - -2) + 9 - (379 + -521)?
149
What is the value of -266 + 248 - (25 - (-14 + -4))?
-61
Evaluate -2 + 0 - (-6 - (-4 + 12)).
12
What is the value of 44810 + -44819 + -1 + 1 + (-3 - (-1 + -10))?
-1
Evaluate -3 + -39 + (-14 - (7 - -3 - 26)).
-40
Calculate -6 + 5 + -9 - (6 - (-3 + 1 + 6)).
-12
What is -5 + (57 - (6 + (-9 - (-9 + 7) - -14)))?
39
Calculate (-14 - (-19 - -1) - -9) + -14.
-1
What is -22 - ((-32 - 39) + 35)?
14
What is the value of 62 + -21 + -57 + (-1 + -1 - -3)?
-15
What is (-8 - (-5 + 8) - (-31 - -9)) + -79?
-68
-19 - (101 - (20 - 8))
-108
Calculate 2 + (-6 + 22 + -36 - -19).
1
Evaluate (10 - 0) + (-4 - 0) + (320 - 285).
41
What is the value of 5 - (1 - -6) - (-37 + -32 + 53)?
14
(-7 - -3 - -1) + (-75 - -68) - (3 + 39)
-52
18 - (0 + 1 + 89 + -21) - -20
-31
What is -49 - (1 + 1 - (18 - (4 - 20 - -24)))?
-41
What is 135 + -176 + 52 + -56 + -2 + 2?
-45
What is 107 + -109 + 42 + (1 - 1)?
40
Evaluate 21 + 28 + -30 + -73 - (1 - -1) - -8.
-48
Evaluate 20 + (1 + -168 - 9) - -38.
-118
Evaluate 9 - ((18 - 25 - 47) + -10 - -4).
69
What is -134 + (14 - 87 - -141)?
-66
Evaluate -22 + 42 + 13 - (-35 - -38).
30
60 - 6 - (-510 + 536)
28
-34 + -55 + 110 + -49 + -1 + -6
-35
63 + -60 + (0 - (-6 - (-2 - 7))) - -76
76
Calculate 99 - (234 - 105) - -70.
40
Evaluate (334 - 278) + -31 + -11.
14
(-28 - -16) + 13 + 10 + (46 - 1)
56
0 + (0 + -4 - (-30 - -31) - 4) + 28
19
54 + (93 - 73) + -19 + (-1 - -4)
58
Calculate 1926 + -1933 + (1 - (-12 + -1)).
7
What is (-187 + 60 - 38) + 142?
-23
-912 + 969 + (0 - 67)
-10
5 + 24 + -27 + (1 - 0) + 18
21
What is the value of -133 + (25 - (37 + -46) - 6)?
-105
Calculate (-17 + (6 - 1) - -11) + (0 - -1) + 19.
19
Calculate 43 + -1 + 24 + 69 + -77 + 7.
65
What is 17 - (14 - (22 + -57))?
-32
What is the value of -46 + 86 + -109 + 45?
-24
What is (0 + 0 - (-7 + 4 + 0)) + -66 + 28?
-35
Calculate (3 - 19) + 49 + (-25 - 4) + 22.
26
What is the value of 4 + -22 + 36 - 32?
-14
Calculate -100 + (-64 - -42 - -36).
-86
What is the value of 15 + ((-7 - (-4 + 5)) + 7 - 0) - 2?
12
-3956 + 3975 - (2 - -18)
-1
4 + -7 + 18 - (1248 + -1230)
-3
What is the value of (1 - (-39 + 24)) + -29 - (-1 - 53)?
41
What is the value of (-345 + 409 - (1 - ((1 - 3) + 4))) + -2?
63
What is the value of 37 + -1 - (-135 - -143)?
28
What is (-1 - 1) + (-134 + 155 - (23 - 9))?
5
13 + -2 - (-147 + 176)
-18
What is the value of (-30 - -9) + 14 + (37 + -2 - -6)?
34
(7 + (-20 - -25) - -7) + -45
-26
What is -8 + -25 - (-20 - -17 - -29)?
-59
Calculate 3 + (-102 - (-60 - 15)).
-24
Calculate -32 - -19 - -14 - (8 - -1) - 2.
-10
What is (-359 - -379) + 0 + -17 - 9?
-6
What is -59 + 42 + (23 + -6 - 11) + -10?
-21
Evaluate -252 + 391 + -170 - (-1 + 2 + -1).
-31
Evaluate -57 - (6 + 2 - 9 - (9 + -13 + -3)).
-63
What is (-7 - 4) + 7 + -4 + (43 - 32) + -36?
-33
Calculate -131 + 72 - (-1 + -9 + 9 - 1).
-57
What is ((3 - -34) + -51 - -17) + -11?
-8
Evaluate -86 + 2 - (93 + -262).
85
What is the value of (-35 - 1 - -3 - 4) + 449 + -451?
-39
Evaluate 54 - (-1 + 3) - (-5011 - -4997).
66
Calculate -68 + 3 - (-95 + 100).
-70
Evaluate -29 + (4 + -34 - (151 - 229)).
19
Evaluate -22 + -1 + 48 + (-243 - -237) - 109.
-90
Evaluate 5 + (2 - 5) + (-40 - -5) + 25.
-8
What is the value of -14 - (-62 + (36 - -43))?
-31
-48 - ((-11 - -2) + (-34 - (-11 + -23)))
-39
Evaluate (86 + -82 + -2 + 0 - 8) + (-4 - 35).
-45
What is (-1 - 16) + -437 + 467 - 19?
-6
-108 + 128 + -81 + 7
-54
154 - 10 - (-82 + (-60 - -163))
123
Calculate -37 - 2 - (52 - -39 - 73).
-57
What is the value of -13 + (-154 + 40 - -127)?
0
What is -28 + (-7 - 16) + 53 - (-46 + 1)?
47
7 - (4 - 134) - (1373 + -1330)
94
Calculate -89 + (-414 + 390 - (-2 - 18)) + 2 + -14.
-105
What is the value of (59 + 20 - (-21 - -9 - (-2 + -7))) + -2?
80
Calculate 7 + 18 + 12 + -24 - -14 - 4.
23
Evaluate (60 - -126) + -151 - 88.
-53
38 - (-14 + 37 + 10 + -13 + -5 + -6)
29
56 + (18 - (16 + 7 + -1))
52
What is (15 - -7) + -13 + 13 + 121?
143
Calculate 32 + 2 + (44 - (-76 - -119)).
35
Calculate -12 - (-8 - (-1 + -22 - ((-61 - -31) + 37))).
-34
Calculate (-12 + (0 + 14 - 16) - -4) + (-1 - 42).
-53
(-22 + 15 - 11) + 22
4
What is -63 + 223 + -192 - (-30 + 1)?
-3
What is -23 - (12 + 6 + (-25 - -9))?
-25
Evaluate 55 - (94 + 89 + -62).
-66
What is the value of -50 + (9 - (73 + -19))?
-95
What is -50 - (60 - 100 - 4)?
-6
Evaluate -312 + 402 - 99 - (1 + (0 - -48)).
-58
What is the value of -2 + -36 + 30 + 24 - (39 - 3)?
-20
-6 + -2 - (-83 + -12 - -73)
14
Evaluate 6 - 5 - (-54 + 10 + 30).
15
Evaluate -1 - 0 - (3 + 13 + 11 - (5 + 0)).
-23
What is the value of -100 + 67 - -106 - 57?
16
What is the value of -21 - (-7 + 1) - (9 + -56 + 6)?
26
What is -110 - (15 - 119) - 27?
-33
Evaluate 19 + 18 + -21 + -14 + -8.
-6
-53 + 52 + (-7 + 10 - 9 - (-1 - 45))
39
Evaluate -33 + 17 + 19 - ((-1 - 1) + -5 + -58).
68
Calculate 61 + 9 + -19 + 10 + (-6 - (6 - 6)).
55
What is (2 - 13 - 13) + (-2 - 13) + -1 + -1?
-41
What is -4 + (2 + -4 - 79) + (-1503 - -1509)?
-79
Evaluate 5 - ((-20 - -3) + (11 - -1) - 17).
27
Evaluate (6 + -3 - 66 - -4) + -43 + -8 + 61.
-49
Evaluate (2 - (0 - -1) - (66 - 65)) + -18 + 12.
-6
Evaluate 5 + 0 + (24 - (32 - ((-19 - 4) + 23))).
-3
What is (-2 - -3) + (11 - (6 - -5)) + -9?
-8
Evaluate -17 - (1 - 15) - (3 + -60).
54
What is 24 - (-6 + -7 + 0 - -41)?
-4
What is the value of 27 + -20 - (-11 - ((4 + 10 - -63) + -12))?
83
What is the value of -10 - (-27 - (-1 - -2) - (-5 - -73 - 72))?
14
Calculate -33 - (19 + -1 + (-33 - -19)).
-37
What is (6 - 32) + 31 - (43 + -1)?
-37
What is -4 - (0 + 14 + -15 + -63 + 2)?
58
What is 33 + -3 + (5 - -8 - 14) + -6?
23
Calculate 16 - (31 + (10 - (-15 - -7))).
-33
Calculate -7 - (-1 - (-55 - 0) - (7 + -19 - -20)).
-53
Evaluate -64 + 115 - (4 - (-6 + 7 - -6)).
54
(9 - -1) + (-41 - -80 - 63)
-14
What is the value of -15 + 15 + (-53 - -36) - -11?
-6
Calculate -38 + 48 + -10 + 2 - (-7 + -3 + 47).
-35
Evaluate -5 - ((7 - (7 - 51)) + (-6 - (-2 + -2))).
-54
Calculate 4296 - 4342 - (-26 - 1).
-19
What is the value of 9 + (6 - 4) + -6 + 11?
16
Calculate -6 + 3 + 13 - (-965 + 1043).
-68
What is -66 - (57 + -20 - 32 - ((-4 - -2) + 7))?
-66
0 - -8 - ((24 - (-61 + 33)) + (1 - -11))
-56
-49 + (-5 - -20) + -12
-46
Calculate -93 + (9 - 95 - -257).
78
What is (33 + -50 - 36) + (6 - 19)?
-66
What is -16 - ((6 - 13) + 7) - -33?
17
Calculate 20 + 2 + -2 + (234 - 223).
31
What is the value of -58 + 0 + 129 + (41 - 203)?
-91
What is the value of -106 - -67 - (17 + -78 - 6)?
28
(68 - 1) + 9 + (47 - 27) + -36
60
What is the value of (5 - (0 + 3 - 24)) + -155 + 164?
35
Calculate -18 - (-83 + (122 - 9)).
-48
Evaluate -4 + -2 + (32 - (-16 - -26)) + -63.
-47
What is the value of 1 - 6 - (-60 + 108 + -10)?
-43
What is 13 + (-59 - -8 - -43) - (32 - 1)?
-26
What is the value of (-4888 - -4936) + (2 - 46)?
4
What is the value of (3 - 10 - (-98 + 70)) + 15?
36
What is ((1 - 2) + 1 - (842 + -855)) + 15?
28
What is the value of 44 + (31 - 65) - 19 - 34?
-43
Calculate (8 - -17 - 7) + -24 + (-1 - -29).
22
What is -3 + 0 - (6 + -17 - (-30 + 32)) - 9?
1
65 - (21 + 8 + -1) - (1 + 0)
36
Calculate -37 + -7 + -23 + 10 + 0 + 6.
-51
What is the value of 62 + -2 + (12 - 8 - 6) + 14?
72
What is -63 - (-13 - (150 + -54))?
46
What is (3 - 75) + -1289 + 1330?
-31
What is the value of (-22 - (-5 - -7)) + 5 + -25?
-44
What is (-11 - (9 - 7)) + (-228 - -346) - (6 + -1)?
100
What is 4 - (65 -